{"id":17,"date":"2016-02-12T08:09:36","date_gmt":"2016-02-12T08:09:36","guid":{"rendered":"http:\/\/demos.famethemes.com\/onepress\/?page_id=17"},"modified":"2018-02-10T20:58:57","modified_gmt":"2018-02-10T20:58:57","slug":"our-history","status":"publish","type":"page","link":"https:\/\/monografiaseideas.com\/index.php\/our-history\/","title":{"rendered":"Garant\u00eda"},"content":{"rendered":"<p><img data-recalc-dims=\"1\" loading=\"lazy\" decoding=\"async\" class=\"alignnone size-full wp-image-1511 aligncenter\" src=\"https:\/\/i0.wp.com\/monografiaseideas.com\/wp-content\/uploads\/2018\/02\/2.jpeg?resize=275%2C183\" alt=\"\" width=\"275\" height=\"183\" \/><\/p>\n<p style=\"text-align: justify;\">Realizamos un acuerdo claro y por escrito sobre el servicio de escritura a desarrollar. En este exponemos los compromisos de las dos partes y un cronograma con las fechas de entregas, para que haya total seguridad sobre la calidad y cumplimiento de nuestro servicio. Garantizamos el respeto de los derechos de autor sobre las ideas que se establecen en tus documentos y contamos con diferentes software de detecci\u00f3n de plagio para obtener un documento 100% seguro e individual.<\/p>\n<p style=\"text-align: justify;\">Nuestra propuesta metodol\u00f3gica de trabajo realiza un acompa\u00f1amiento hasta que el proceso de investigaci\u00f3n solicitado sea aprobado por las autoridades acad\u00e9micas o jurados de la investigaci\u00f3n. Buscamos la aceptaci\u00f3n oficial de los escritos en la menor cantidad de tiempo y versiones posible.<\/p>\n<p>&nbsp;<\/p>\n<p><a href=\"tel:+573164399827\">\u2706 3164399827<\/a><\/p>\n","protected":false},"excerpt":{"rendered":"<p><strong>\u00a1<a href=\"http:\/\/monografiaseideas.com\/index.php\/our-history\/\">Aqu\u00ed<\/a> m\u00e1s informaci\u00f3n!<\/strong><\/p>\n","protected":false},"author":1,"featured_media":1550,"parent":0,"menu_order":0,"comment_status":"closed","ping_status":"closed","template":"template-left-sidebar.php","meta":{"nf_dc_page":"","om_disable_all_campaigns":false,"_monsterinsights_skip_tracking":false,"_monsterinsights_sitenote_active":false,"_monsterinsights_sitenote_note":"","_monsterinsights_sitenote_category":0,"_joinchat":[],"footnotes":""},"class_list":["post-17","page","type-page","status-publish","has-post-thumbnail","hentry"],"aioseo_notices":[],"yoast_head":"<!-- This site is optimized with the Yoast SEO plugin v27.4 - https:\/\/yoast.com\/product\/yoast-seo-wordpress\/ -->\n<title>Garant\u00eda | Monograf\u00ed\u00adas e Ideas<\/title>\n<meta name=\"robots\" content=\"index, follow, max-snippet:-1, max-image-preview:large, max-video-preview:-1\" \/>\n<link rel=\"canonical\" href=\"http:\/\/monografiaseideas.com\/index.php\/our-history\/\" \/>\n<meta property=\"og:locale\" content=\"es_ES\" \/>\n<meta property=\"og:type\" content=\"article\" \/>\n<meta property=\"og:title\" content=\"Garant\u00eda | Monograf\u00ed\u00adas e Ideas\" \/>\n<meta property=\"og:description\" content=\"\u00a1Aqu\u00ed m\u00e1s informaci\u00f3n!\" \/>\n<meta property=\"og:url\" content=\"http:\/\/monografiaseideas.com\/index.php\/our-history\/\" \/>\n<meta property=\"og:site_name\" content=\"Monograf\u00ed\u00adas e Ideas\" \/>\n<meta property=\"article:modified_time\" content=\"2018-02-10T20:58:57+00:00\" \/>\n<meta property=\"og:image\" content=\"https:\/\/i0.wp.com\/monografiaseideas.com\/wp-content\/uploads\/2018\/02\/14.jpg?fit=960%2C640\" \/>\n\t<meta property=\"og:image:width\" content=\"960\" \/>\n\t<meta property=\"og:image:height\" content=\"640\" \/>\n\t<meta property=\"og:image:type\" content=\"image\/jpeg\" \/>\n<meta name=\"twitter:card\" content=\"summary_large_image\" \/>\n<meta name=\"twitter:label1\" content=\"Tiempo de lectura\" \/>\n\t<meta name=\"twitter:data1\" content=\"1 minuto\" \/>\n<script type=\"application\/ld+json\" class=\"yoast-schema-graph\">{\"@context\":\"https:\\\/\\\/schema.org\",\"@graph\":[{\"@type\":\"WebPage\",\"@id\":\"http:\\\/\\\/monografiaseideas.com\\\/index.php\\\/our-history\\\/\",\"url\":\"http:\\\/\\\/monografiaseideas.com\\\/index.php\\\/our-history\\\/\",\"name\":\"Garant\u00eda | Monograf\u00ed\u00adas e Ideas\",\"isPartOf\":{\"@id\":\"http:\\\/\\\/monografiaseideas.com\\\/#website\"},\"primaryImageOfPage\":{\"@id\":\"http:\\\/\\\/monografiaseideas.com\\\/index.php\\\/our-history\\\/#primaryimage\"},\"image\":{\"@id\":\"http:\\\/\\\/monografiaseideas.com\\\/index.php\\\/our-history\\\/#primaryimage\"},\"thumbnailUrl\":\"https:\\\/\\\/i0.wp.com\\\/monografiaseideas.com\\\/wp-content\\\/uploads\\\/2018\\\/02\\\/14.jpg?fit=960%2C640&ssl=1\",\"datePublished\":\"2016-02-12T08:09:36+00:00\",\"dateModified\":\"2018-02-10T20:58:57+00:00\",\"breadcrumb\":{\"@id\":\"http:\\\/\\\/monografiaseideas.com\\\/index.php\\\/our-history\\\/#breadcrumb\"},\"inLanguage\":\"es\",\"potentialAction\":[{\"@type\":\"ReadAction\",\"target\":[\"http:\\\/\\\/monografiaseideas.com\\\/index.php\\\/our-history\\\/\"]}]},{\"@type\":\"ImageObject\",\"inLanguage\":\"es\",\"@id\":\"http:\\\/\\\/monografiaseideas.com\\\/index.php\\\/our-history\\\/#primaryimage\",\"url\":\"https:\\\/\\\/i0.wp.com\\\/monografiaseideas.com\\\/wp-content\\\/uploads\\\/2018\\\/02\\\/14.jpg?fit=960%2C640&ssl=1\",\"contentUrl\":\"https:\\\/\\\/i0.wp.com\\\/monografiaseideas.com\\\/wp-content\\\/uploads\\\/2018\\\/02\\\/14.jpg?fit=960%2C640&ssl=1\",\"width\":960,\"height\":640},{\"@type\":\"BreadcrumbList\",\"@id\":\"http:\\\/\\\/monografiaseideas.com\\\/index.php\\\/our-history\\\/#breadcrumb\",\"itemListElement\":[{\"@type\":\"ListItem\",\"position\":1,\"name\":\"Portada\",\"item\":\"http:\\\/\\\/monografiaseideas.com\\\/\"},{\"@type\":\"ListItem\",\"position\":2,\"name\":\"Garant\u00eda\"}]},{\"@type\":\"WebSite\",\"@id\":\"http:\\\/\\\/monografiaseideas.com\\\/#website\",\"url\":\"http:\\\/\\\/monografiaseideas.com\\\/\",\"name\":\"Monograf\u00ed\u00adas e Ideas\",\"description\":\"Acompa\u00f1amos a nuestros clientes en la elaboraci\u00f3n de manuscritos en v\u00eda de publicaci\u00f3n y aprobaci\u00f3n por autoridades acad\u00e9micas o cient\u00edficas.\",\"publisher\":{\"@id\":\"http:\\\/\\\/monografiaseideas.com\\\/#organization\"},\"potentialAction\":[{\"@type\":\"SearchAction\",\"target\":{\"@type\":\"EntryPoint\",\"urlTemplate\":\"http:\\\/\\\/monografiaseideas.com\\\/?s={search_term_string}\"},\"query-input\":{\"@type\":\"PropertyValueSpecification\",\"valueRequired\":true,\"valueName\":\"search_term_string\"}}],\"inLanguage\":\"es\"},{\"@type\":\"Organization\",\"@id\":\"http:\\\/\\\/monografiaseideas.com\\\/#organization\",\"name\":\"Monograf\u00edas e Ideas\",\"url\":\"http:\\\/\\\/monografiaseideas.com\\\/\",\"logo\":{\"@type\":\"ImageObject\",\"inLanguage\":\"es\",\"@id\":\"http:\\\/\\\/monografiaseideas.com\\\/#\\\/schema\\\/logo\\\/image\\\/\",\"url\":\"https:\\\/\\\/i0.wp.com\\\/monografiaseideas.com\\\/wp-content\\\/uploads\\\/2018\\\/02\\\/cropped-iconMeI-01.png?fit=512%2C512\",\"contentUrl\":\"https:\\\/\\\/i0.wp.com\\\/monografiaseideas.com\\\/wp-content\\\/uploads\\\/2018\\\/02\\\/cropped-iconMeI-01.png?fit=512%2C512\",\"width\":512,\"height\":512,\"caption\":\"Monograf\u00edas e Ideas\"},\"image\":{\"@id\":\"http:\\\/\\\/monografiaseideas.com\\\/#\\\/schema\\\/logo\\\/image\\\/\"}}]}<\/script>\n<!-- \/ Yoast SEO plugin. -->","yoast_head_json":{"title":"Garant\u00eda | Monograf\u00ed\u00adas e Ideas","robots":{"index":"index","follow":"follow","max-snippet":"max-snippet:-1","max-image-preview":"max-image-preview:large","max-video-preview":"max-video-preview:-1"},"canonical":"http:\/\/monografiaseideas.com\/index.php\/our-history\/","og_locale":"es_ES","og_type":"article","og_title":"Garant\u00eda | Monograf\u00ed\u00adas e Ideas","og_description":"\u00a1Aqu\u00ed m\u00e1s informaci\u00f3n!","og_url":"http:\/\/monografiaseideas.com\/index.php\/our-history\/","og_site_name":"Monograf\u00ed\u00adas e Ideas","article_modified_time":"2018-02-10T20:58:57+00:00","og_image":[{"width":960,"height":640,"url":"https:\/\/i0.wp.com\/monografiaseideas.com\/wp-content\/uploads\/2018\/02\/14.jpg?fit=960%2C640","type":"image\/jpeg"}],"twitter_card":"summary_large_image","twitter_misc":{"Tiempo de lectura":"1 minuto"},"schema":{"@context":"https:\/\/schema.org","@graph":[{"@type":"WebPage","@id":"http:\/\/monografiaseideas.com\/index.php\/our-history\/","url":"http:\/\/monografiaseideas.com\/index.php\/our-history\/","name":"Garant\u00eda | Monograf\u00ed\u00adas e Ideas","isPartOf":{"@id":"http:\/\/monografiaseideas.com\/#website"},"primaryImageOfPage":{"@id":"http:\/\/monografiaseideas.com\/index.php\/our-history\/#primaryimage"},"image":{"@id":"http:\/\/monografiaseideas.com\/index.php\/our-history\/#primaryimage"},"thumbnailUrl":"https:\/\/i0.wp.com\/monografiaseideas.com\/wp-content\/uploads\/2018\/02\/14.jpg?fit=960%2C640&ssl=1","datePublished":"2016-02-12T08:09:36+00:00","dateModified":"2018-02-10T20:58:57+00:00","breadcrumb":{"@id":"http:\/\/monografiaseideas.com\/index.php\/our-history\/#breadcrumb"},"inLanguage":"es","potentialAction":[{"@type":"ReadAction","target":["http:\/\/monografiaseideas.com\/index.php\/our-history\/"]}]},{"@type":"ImageObject","inLanguage":"es","@id":"http:\/\/monografiaseideas.com\/index.php\/our-history\/#primaryimage","url":"https:\/\/i0.wp.com\/monografiaseideas.com\/wp-content\/uploads\/2018\/02\/14.jpg?fit=960%2C640&ssl=1","contentUrl":"https:\/\/i0.wp.com\/monografiaseideas.com\/wp-content\/uploads\/2018\/02\/14.jpg?fit=960%2C640&ssl=1","width":960,"height":640},{"@type":"BreadcrumbList","@id":"http:\/\/monografiaseideas.com\/index.php\/our-history\/#breadcrumb","itemListElement":[{"@type":"ListItem","position":1,"name":"Portada","item":"http:\/\/monografiaseideas.com\/"},{"@type":"ListItem","position":2,"name":"Garant\u00eda"}]},{"@type":"WebSite","@id":"http:\/\/monografiaseideas.com\/#website","url":"http:\/\/monografiaseideas.com\/","name":"Monograf\u00ed\u00adas e Ideas","description":"Acompa\u00f1amos a nuestros clientes en la elaboraci\u00f3n de manuscritos en v\u00eda de publicaci\u00f3n y aprobaci\u00f3n por autoridades acad\u00e9micas o cient\u00edficas.","publisher":{"@id":"http:\/\/monografiaseideas.com\/#organization"},"potentialAction":[{"@type":"SearchAction","target":{"@type":"EntryPoint","urlTemplate":"http:\/\/monografiaseideas.com\/?s={search_term_string}"},"query-input":{"@type":"PropertyValueSpecification","valueRequired":true,"valueName":"search_term_string"}}],"inLanguage":"es"},{"@type":"Organization","@id":"http:\/\/monografiaseideas.com\/#organization","name":"Monograf\u00edas e Ideas","url":"http:\/\/monografiaseideas.com\/","logo":{"@type":"ImageObject","inLanguage":"es","@id":"http:\/\/monografiaseideas.com\/#\/schema\/logo\/image\/","url":"https:\/\/i0.wp.com\/monografiaseideas.com\/wp-content\/uploads\/2018\/02\/cropped-iconMeI-01.png?fit=512%2C512","contentUrl":"https:\/\/i0.wp.com\/monografiaseideas.com\/wp-content\/uploads\/2018\/02\/cropped-iconMeI-01.png?fit=512%2C512","width":512,"height":512,"caption":"Monograf\u00edas e Ideas"},"image":{"@id":"http:\/\/monografiaseideas.com\/#\/schema\/logo\/image\/"}}]}},"jetpack_sharing_enabled":true,"_links":{"self":[{"href":"https:\/\/monografiaseideas.com\/index.php\/wp-json\/wp\/v2\/pages\/17","targetHints":{"allow":["GET"]}}],"collection":[{"href":"https:\/\/monografiaseideas.com\/index.php\/wp-json\/wp\/v2\/pages"}],"about":[{"href":"https:\/\/monografiaseideas.com\/index.php\/wp-json\/wp\/v2\/types\/page"}],"author":[{"embeddable":true,"href":"https:\/\/monografiaseideas.com\/index.php\/wp-json\/wp\/v2\/users\/1"}],"replies":[{"embeddable":true,"href":"https:\/\/monografiaseideas.com\/index.php\/wp-json\/wp\/v2\/comments?post=17"}],"version-history":[{"count":21,"href":"https:\/\/monografiaseideas.com\/index.php\/wp-json\/wp\/v2\/pages\/17\/revisions"}],"predecessor-version":[{"id":1698,"href":"https:\/\/monografiaseideas.com\/index.php\/wp-json\/wp\/v2\/pages\/17\/revisions\/1698"}],"wp:featuredmedia":[{"embeddable":true,"href":"https:\/\/monografiaseideas.com\/index.php\/wp-json\/wp\/v2\/media\/1550"}],"wp:attachment":[{"href":"https:\/\/monografiaseideas.com\/index.php\/wp-json\/wp\/v2\/media?parent=17"}],"curies":[{"name":"wp","href":"https:\/\/api.w.org\/{rel}","templated":true}]}}